e the remainder when 257217 is divided by 28577.
24
Calculate the remainder when 125476 is divided by 44.
32
Calculate the remainder when 310307 is divided by 14.
11
What is the remainder when 3593 is divided by 226?
203
Calculate the remainder when 102847 is divided by 781.
536
Calculate the remainder when 1816 is divided by 619.
578
Calculate the remainder when 623880 is divided by 27.
18
What is the remainder when 8248 is divided by 27?
13
What is the remainder when 6479 is divided by 3201?
77
What is the remainder when 26301 is divided by 8755?
36
What is the remainder when 442005 is divided by 63143?
4
What is the remainder when 7598 is divided by 475?
473
What is the remainder when 68 is divided by 18?
14
Calculate the remainder when 6542 is divided by 6498.
44
What is the remainder when 71517 is divided by 23829?
30
Calculate the remainder when 51835 is divided by 40.
35
Calculate the remainder when 212136 is divided by 1351.
29
What is the remainder when 10752 is divided by 453?
333
What is the remainder when 4042 is divided by 103?
25
Calculate the remainder when 9557 is divided by 115.
12
What is the remainder when 12975 is divided by 7?
4
Calculate the remainder when 29389 is divided by 44.
41
Calculate the remainder when 11793 is divided by 117.
93
What is the remainder when 3716027 is divided by 947?
946
What is the remainder when 1399 is divided by 702?
697
What is the remainder when 33003 is divided by 25?
3
Calculate the remainder when 5869 is divided by 735.
724
Calculate the remainder when 24513 is divided by 1168.
1153
What is the remainder when 28804 is divided by 66?
28
Calculate the remainder when 277 is divided by 76.
49
What is the remainder when 17194 is divided by 133?
37
What is the remainder when 24268 is divided by 1345?
58
Calculate the remainder when 16439 is divided by 24.
23
What is the remainder when 12495 is divided by 272?
255
What is the remainder when 20640 is divided by 6873?
21
What is the remainder when 4301 is divided by 35?
31
Calculate the remainder when 925 is divided by 71.
2
Calculate the remainder when 76256 is divided by 57.
47
What is the remainder when 618 is divided by 35?
23
Calculate the remainder when 9297 is divided by 3091.
24
What is the remainder when 941 is divided by 178?
51
Calculate the remainder when 9295 is divided by 93.
88
Calculate the remainder when 132300 is divided by 154.
14
What is the remainder when 167022 is divided by 55667?
21
What is the remainder when 16805 is divided by 153?
128
What is the remainder when 7908 is divided by 3931?
46
Calculate the remainder when 26983 is divided by 530.
483
What is the remainder when 8041 is divided by 3363?
1315
What is the remainder when 188550 is divided by 637?
635
What is the remainder when 4105 is divided by 2032?
41
Calculate the remainder when 167085 is divided by 154.
149
Calculate the remainder when 14895 is divided by 596.
591
What is the remainder when 6128 is divided by 629?
467
What is the remainder when 63240 is divided by 1472?
1416
What is the remainder when 8613 is divided by 65?
33
What is the remainder when 18429 is divided by 1313?
47
What is the remainder when 374 is divided by 98?
80
What is the remainder when 5813 is divided by 188?
173
What is the remainder when 3710 is divided by 3652?
58
Calculate the remainder when 3107 is divided by 156.
143
Calculate the remainder when 253649 is divided by 7.
4
What is the remainder when 194568 is divided by 73?
23
What is the remainder when 67603 is divided by 407?
41
Calculate the remainder when 339464 is divided by 183.
182
Calculate the remainder when 1646 is divided by 321.
41
What is the remainder when 25180 is divided by 84?
64
What is the remainder when 1800 is divided by 294?
36
Calculate the remainder when 159021 is divided by 13251.
9
Calculate the remainder when 205225 is divided by 1047.
13
What is the remainder when 3224 is divided by 50?
24
Calculate the remainder when 4019 is divided by 269.
253
What is the remainder when 44163 is divided by 121?
119
What is the remainder when 1667 is divided by 322?
57
What is the remainder when 149055 is divided by 272?
271
Calculate the remainder when 3359 is divided by 57.
53
Calculate the remainder when 10903 is divided by 82.
79
Calculate the remainder when 617086 is divided by 18.
10
What is the remainder when 464446 is divided by 7037?
4
What is the remainder when 9031 is divided by 1733?
366
What is the remainder when 221197 is divided by 221182?
15
Calculate the remainder when 1767 is divided by 117.
12
Calculate the remainder when 692943 is divided by 23.
22
What is the remainder when 4256 is divided by 979?
340
What is the remainder when 60620 is divided by 1556?
1492
What is the remainder when 2878 is divided by 1439?
0
Calculate the remainder when 31979 is divided by 34.
19
Calculate the remainder when 5394 is divided by 76.
74
Calculate the remainder when 34897 is divided by 49.
9
Calculate the remainder when 1162 is divided by 608.
554
Calculate the remainder when 1955528 is divided by 271.
263
Calculate the remainder when 4090 is divided by 2012.
66
Calculate the remainder when 3129 is divided by 195.
9
Calculate the remainder when 965 is divided by 88.
85
Calculate the remainder when 8718 is divided by 2902.
12
Calculate the remainder when 532324 is divided by 2787.
7
Calculate the remainder when 14832 is divided by 164.
72
What is the remainder when 1793 is divided by 182?
155
What is the remainder when 63048 is divided by 103?
12
Calculate the remainder when 44850 is divided by 3737.
6
Calculate the remainder when 3121 is divided by 113.
70
Calculate the remainder when 120519 is divided by 62.
53
What is the remainder when 1288 is divided by 47?
19
Calculate the remainder when 1277604 is divided by 23229.
9
What is the remainder when 7241 is divided by 162?
113
What is the remainder when 27980 is divided by 13990?
0
Calculate the remainder when 6512 is divided by 536.
80
Calculate the remainder when 35294 is divided by 91.
77
Calculate the remainder when 1151067 is divided by 555.
552
What is the remainder when 470246 is divided by 344?
342
What is the remainder when 21964 is divided by 498?
52
What is the remainder when 2904 is divided by 1441?
22
What is the remainder when 29510 is divided by 14712?
86
Calculate the remainder when 18744 is divided by 3119.
30
What is the remainder when 6431 is divided by 269?
244
What is the remainder when 9408 is divided by 4678?
52
What is the remainder when 11658 is divided by 2057?
1373
What is the remainder when 38140 is divided by 393?
19
Calculate the remainder when 11119 is divided by 1665.
1129
What is the remainder when 245447 is divided by 56?
55
Calculate the remainder when 164103 is divided by 23.
21
Calculate the remainder when 19230 is divided by 1600.
30
Calculate the remainder when 40423 is divided by 29.
26
Calculate the remainder when 3250 is divided by 135.
10
Calculate the remainder when 2021 is divided by 17.
15
Calculate the remainder when 3721 is divided by 624.
601
Calculate the remainder when 2430 is divided by 103.
61
Calculate the remainder when 14477 is divided by 14476.
1
What is the remainder when 7127 is divided by 15?
2
Calculate the remainder when 6025 is divided by 3010.
5
Calculate the remainder when 2710 is divided by 443.
52
What is the remainder when 4609 is divided by 719?
295
What is the remainder when 38382 is divided by 320?
302
Calculate the remainder when 101984 is divided by 29.
20
Calculate the remainder when 2529 is divided by 196.
177
What is the remainder when 44417 is divided by 38?
33
Calculate the remainder when 56363 is divided by 1484.
1455
Calculate the remainder when 16247 is divided by 1813.
1743
What is the remainder when 96579 is divided by 685?
679
What is the remainder when 89193 is divided by 95?
83
What is the remainder when 77404 is divided by 691?
12
Calculate the remainder when 8915 is divided by 203.
186
What is the remainder when 5519 is divided by 545?
69
Calculate the remainder when 5379 is divided by 459.
330
Calculate the remainder when 1802 is divided by 201.
194
Calculate the remainder when 500122 is divided by 166701.
19
What is the remainder when 8480667 is divided by 165?
162
What is 